{"id":128,"date":"2025-11-28T15:43:35","date_gmt":"2025-11-28T18:43:35","guid":{"rendered":"https:\/\/pontoeasy.com.br\/?page_id=128"},"modified":"2025-12-02T09:59:52","modified_gmt":"2025-12-02T12:59:52","slug":"inicial","status":"publish","type":"page","link":"https:\/\/pontoeasy.com.br\/","title":{"rendered":"Inicial"},"content":{"rendered":"\t\t<div data-elementor-type=\"wp-page\" data-elementor-id=\"128\" class=\"elementor elementor-128\">\n\t\t\t\t<div class=\"elementor-element elementor-element-cec7b25 e-flex e-con-boxed wpr-particle-no wpr-jarallax-no wpr-parallax-no wpr-sticky-section-no e-con e-parent\" data-id=\"cec7b25\" data-element_type=\"container\" data-settings=\"{&quot;background_background&quot;:&quot;classic&quot;}\">\n\t\t\t\t\t<div class=\"e-con-inner\">\n\t\t\t\t<div class=\"elementor-element elementor-element-91bcd63 elementor-widget elementor-widget-heading\" data-id=\"91bcd63\" data-element_type=\"widget\" data-widget_type=\"heading.default\">\n\t\t\t\t\t<h2 class=\"elementor-heading-title elementor-size-default\">Pontoeasy, onde comprar \u00e9 easy e ponto.<\/h2>\t\t\t\t<\/div>\n\t\t\t\t<div class=\"elementor-element elementor-element-2183692 elementor-widget elementor-widget-heading\" data-id=\"2183692\" data-element_type=\"widget\" data-widget_type=\"heading.default\">\n\t\t\t\t\t<h2 class=\"elementor-heading-title elementor-size-default\">Sua loja online completa, pr\u00e1tica e cheia de variedade.<\/h2>\t\t\t\t<\/div>\n\t\t\t\t\t<\/div>\n\t\t\t\t<\/div>\n\t\t<div class=\"elementor-element elementor-element-04f7914 e-flex e-con-boxed wpr-particle-no wpr-jarallax-no wpr-parallax-no wpr-sticky-section-no e-con e-parent\" data-id=\"04f7914\" data-element_type=\"container\" data-settings=\"{&quot;shape_divider_top&quot;:&quot;opacity-fan&quot;}\">\n\t\t\t\t\t<div class=\"e-con-inner\">\n\t\t\t\t<div class=\"elementor-shape elementor-shape-top\" aria-hidden=\"true\" data-negative=\"false\">\n\t\t\t<svg xmlns=\"http:\/\/www.w3.org\/2000\/svg\" viewBox=\"0 0 283.5 19.6\" preserveAspectRatio=\"none\">\n\t<path class=\"elementor-shape-fill\" style=\"opacity:0.33\" d=\"M0 0L0 18.8 141.8 4.1 283.5 18.8 283.5 0z\"\/>\n\t<path class=\"elementor-shape-fill\" style=\"opacity:0.33\" d=\"M0 0L0 12.6 141.8 4 283.5 12.6 283.5 0z\"\/>\n\t<path class=\"elementor-shape-fill\" style=\"opacity:0.33\" d=\"M0 0L0 6.4 141.8 4 283.5 6.4 283.5 0z\"\/>\n\t<path class=\"elementor-shape-fill\" d=\"M0 0L0 1.2 141.8 4 283.5 1.2 283.5 0z\"\/>\n<\/svg>\t\t<\/div>\n\t\t<div class=\"elementor-element elementor-element-0721173 e-con-full e-flex wpr-particle-no wpr-jarallax-no wpr-parallax-no wpr-sticky-section-no e-con e-child\" data-id=\"0721173\" data-element_type=\"container\">\n\t\t\t\t<div class=\"elementor-element elementor-element-d6a807f elementor-widget elementor-widget-heading\" data-id=\"d6a807f\" data-element_type=\"widget\" data-widget_type=\"heading.default\">\n\t\t\t\t\t<h2 class=\"elementor-heading-title elementor-size-default\">Quem somos<\/h2>\t\t\t\t<\/div>\n\t\t\t\t<div class=\"elementor-element elementor-element-6ed4cbd elementor-widget__width-initial elementor-widget elementor-widget-text-editor\" data-id=\"6ed4cbd\" data-element_type=\"widget\" data-widget_type=\"text-editor.default\">\n\t\t\t\t\t\t\t\t\t<p>A Pontoeasy \u00e9 uma loja online completa, criada para oferecer praticidade, confian\u00e7a e uma grande diversidade de produtos em um s\u00f3 lugar.<\/p><p>Nossa plataforma foi pensada para ser vers\u00e1til, profissional e preparada pra crescer junto com voc\u00ea.<\/p>\t\t\t\t\t\t\t\t<\/div>\n\t\t\t\t<\/div>\n\t\t\t\t\t<\/div>\n\t\t\t\t<\/div>\n\t\t<div class=\"elementor-element elementor-element-a01f2e2 e-flex e-con-boxed wpr-particle-no wpr-jarallax-no wpr-parallax-no wpr-sticky-section-no e-con e-parent\" data-id=\"a01f2e2\" data-element_type=\"container\">\n\t\t\t\t\t<div class=\"e-con-inner\">\n\t\t\t\t<div class=\"elementor-element elementor-element-3a55321 elementor-widget elementor-widget-heading\" data-id=\"3a55321\" data-element_type=\"widget\" data-widget_type=\"heading.default\">\n\t\t\t\t\t<h2 class=\"elementor-heading-title elementor-size-default\">Nossas Categorias de Produtos<\/h2>\t\t\t\t<\/div>\n\t\t\t\t<div class=\"elementor-element elementor-element-9cbf1f4 elementor-widget elementor-widget-heading\" data-id=\"9cbf1f4\" data-element_type=\"widget\" data-widget_type=\"heading.default\">\n\t\t\t\t\t<h2 class=\"elementor-heading-title elementor-size-default\">Tudo o que voc\u00ea precisa em um s\u00f3 lugar.<\/h2>\t\t\t\t<\/div>\n\t\t\t\t<div class=\"elementor-element elementor-element-c0b54bb elementor-widget elementor-widget-html\" data-id=\"c0b54bb\" data-element_type=\"widget\" data-widget_type=\"html.default\">\n\t\t\t\t\t<div id=\"categorias\" style=\"padding:60px 20px; font-family:Arial, sans-serif; background:#ffffff;\">\r\n  <div style=\"max-width:1200px; margin:0 auto;\">\r\n\r\n    <!-- GRID DE CARDS -->\r\n    <div style=\"\r\n      display:flex;\r\n      flex-wrap:wrap;\r\n      justify-content:center;\r\n      gap:20px;\r\n      margin-bottom:30px;\r\n    \">\r\n\r\n      <!-- CARD 1 -->\r\n      <div onclick=\"location.href='#insumos'\"\r\n        onmouseover=\"this.style.transform='translateY(-6px)'; this.style.boxShadow='0 12px 28px rgba(0,0,0,0.14)'; this.style.borderColor='#63448d';\"\r\n        onmouseout=\"this.style.transform='translateY(0)'; this.style.boxShadow='0 4px 12px rgba(0,0,0,0.08)'; this.style.borderColor='#e0e0e0';\"\r\n        style=\"\r\n          cursor:pointer;\r\n          border:1px solid #e0e0e0;\r\n          border-radius:16px;\r\n          padding:22px 20px;\r\n          background:#ffffff;\r\n          box-shadow:0 4px 12px rgba(0,0,0,0.08);\r\n          transition:all 0.2s ease;\r\n          min-width:230px;\r\n          max-width:260px;\r\n          flex:1 1 230px;\r\n          text-align:left;\r\n        \">\r\n        <div style=\"font-size:2.2rem; margin-bottom:10px;\">\ud83d\udce6<\/div>\r\n        <div style=\"font-size:1.15rem; font-weight:bold; margin-bottom:6px; color:#2b2340;\">Insumos<\/div>\r\n        <div style=\"font-size:0.95rem; line-height:1.5; color:#555;\">\r\n          Materiais e produtos essenciais para o dia a dia da sua opera\u00e7\u00e3o.\r\n        <\/div>\r\n      <\/div>\r\n\r\n      <!-- CARD 2 -->\r\n      <div onclick=\"location.href='#descartaveis'\"\r\n        onmouseover=\"this.style.transform='translateY(-6px)'; this.style.boxShadow='0 12px 28px rgba(0,0,0,0.14)'; this.style.borderColor='#63448d';\"\r\n        onmouseout=\"this.style.transform='translateY(0)'; this.style.boxShadow='0 4px 12px rgba(0,0,0,0.08)'; this.style.borderColor='#e0e0e0';\"\r\n        style=\"\r\n          cursor:pointer;\r\n          border:1px solid #e0e0e0;\r\n          border-radius:16px;\r\n          padding:22px 20px;\r\n          background:#ffffff;\r\n          box-shadow:0 4px 12px rgba(0,0,0,0.08);\r\n          transition:all 0.2s ease;\r\n          min-width:230px;\r\n          max-width:260px;\r\n          flex:1 1 230px;\r\n          text-align:left;\r\n        \">\r\n        <div style=\"font-size:2.2rem; margin-bottom:10px;\">\ud83e\udd64<\/div>\r\n        <div style=\"font-size:1.15rem; font-weight:bold; margin-bottom:6px; color:#2b2340;\">Descart\u00e1veis<\/div>\r\n        <div style=\"font-size:0.95rem; line-height:1.5; color:#555;\">\r\n          Copos, luvas, pap\u00e9is e diversos itens para uso profissional.\r\n        <\/div>\r\n      <\/div>\r\n\r\n      <!-- CARD 3 -->\r\n      <div onclick=\"location.href='#epis'\"\r\n        onmouseover=\"this.style.transform='translateY(-6px)'; this.style.boxShadow='0 12px 28px rgba(0,0,0,0.14)'; this.style.borderColor='#63448d';\"\r\n        onmouseout=\"this.style.transform='translateY(0)'; this.style.boxShadow='0 4px 12px rgba(0,0,0,0.08)'; this.style.borderColor='#e0e0e0';\"\r\n        style=\"\r\n          cursor:pointer;\r\n          border:1px solid #e0e0e0;\r\n          border-radius:16px;\r\n          padding:22px 20px;\r\n          background:#ffffff;\r\n          box-shadow:0 4px 12px rgba(0,0,0,0.08);\r\n          transition:all 0.2s ease;\r\n          min-width:230px;\r\n          max-width:260px;\r\n          flex:1 1 230px;\r\n          text-align:left;\r\n        \">\r\n        <div style=\"font-size:2.2rem; margin-bottom:10px;\">\ud83e\uddba<\/div>\r\n        <div style=\"font-size:1.15rem; font-weight:bold; margin-bottom:6px; color:#2b2340;\">EPIs<\/div>\r\n        <div style=\"font-size:0.95rem; line-height:1.5; color:#555;\">\r\n          Luvas, capacetes e equipamentos de prote\u00e7\u00e3o para o seu time.\r\n        <\/div>\r\n      <\/div>\r\n\r\n      <!-- CARD 4 -->\r\n      <div onclick=\"location.href='#protetor-solar'\"\r\n        onmouseover=\"this.style.transform='translateY(-6px)'; this.style.boxShadow='0 12px 28px rgba(0,0,0,0.14)'; this.style.borderColor='#63448d';\"\r\n        onmouseout=\"this.style.transform='translateY(0)'; this.style.boxShadow='0 4px 12px rgba(0,0,0,0.08)'; this.style.borderColor='#e0e0e0';\"\r\n        style=\"\r\n          cursor:pointer;\r\n          border:1px solid #e0e0e0;\r\n          border-radius:16px;\r\n          padding:22px 20px;\r\n          background:#ffffff;\r\n          box-shadow:0 4px 12px rgba(0,0,0,0.08);\r\n          transition:all 0.2s ease;\r\n          min-width:230px;\r\n          max-width:260px;\r\n          flex:1 1 230px;\r\n          text-align:left;\r\n        \">\r\n        <div style=\"font-size:2.2rem; margin-bottom:10px;\">\ud83c\udf1e<\/div>\r\n        <div style=\"font-size:1.15rem; font-weight:bold; margin-bottom:6px; color:#2b2340;\">Protetor Solar<\/div>\r\n        <div style=\"font-size:0.95rem; line-height:1.5; color:#555;\">\r\n          Linhas profissionais de prote\u00e7\u00e3o solar para ambientes externos.\r\n        <\/div>\r\n      <\/div>\r\n\r\n      <!-- CARD 5 -->\r\n      <div onclick=\"location.href='#tecnologia'\"\r\n        onmouseover=\"this.style.transform='translateY(-6px)'; this.style.boxShadow='0 12px 28px rgba(0,0,0,0.14)'; this.style.borderColor='#63448d';\"\r\n        onmouseout=\"this.style.transform='translateY(0)'; this.style.boxShadow='0 4px 12px rgba(0,0,0,0.08)'; this.style.borderColor='#e0e0e0';\"\r\n        style=\"\r\n          cursor:pointer;\r\n          border:1px solid #e0e0e0;\r\n          border-radius:16px;\r\n          padding:22px 20px;\r\n          background:#ffffff;\r\n          box-shadow:0 4px 12px rgba(0,0,0,0.08);\r\n          transition:all 0.2s ease;\r\n          min-width:230px;\r\n          max-width:260px;\r\n          flex:1 1 230px;\r\n          text-align:left;\r\n        \">\r\n        <div style=\"font-size:2.2rem; margin-bottom:10px;\">\ud83d\udcbb<\/div>\r\n        <div style=\"font-size:1.15rem; font-weight:bold; margin-bottom:6px; color:#2b2340;\">Tecnologia<\/div>\r\n        <div style=\"font-size:0.95rem; line-height:1.5; color:#555;\">\r\n          Computadores, celulares, drones e solu\u00e7\u00f5es tecnol\u00f3gicas.\r\n        <\/div>\r\n      <\/div>\r\n\r\n    <\/div>\r\n\r\n    <!-- EM EXPANS\u00c3O -->\r\n    <div style=\"\r\n      border-radius:14px;\r\n      padding:22px 20px;\r\n      margin-top:10px;\r\n      background:linear-gradient(135deg, #faf7ff, #f4f0ff);\r\n      border:1px dashed #b4a7ff;\r\n      text-align:center;\r\n    \">\r\n      <div style=\"font-size:1.05rem; font-weight:bold; margin-bottom:6px; color:#2b2340;\">\r\n        Em expans\u00e3o \ud83d\ude80\r\n      <\/div>\r\n      <div style=\"font-size:0.95rem; line-height:1.6; color:#555; max-width:700px; margin:0 auto;\">\r\n        Em breve: produtos de limpeza, maquiagem e novas linhas que fizerem sentido para nossos clientes.\r\n        A Ponto Easy est\u00e1 sempre evoluindo para trazer cada vez mais variedade.\r\n      <\/div>\r\n    <\/div>\r\n\r\n  <\/div>\r\n<\/div>\r\n\t\t\t\t<\/div>\n\t\t\t\t\t<\/div>\n\t\t\t\t<\/div>\n\t\t<div class=\"elementor-element elementor-element-70f6d93 e-flex e-con-boxed wpr-particle-no wpr-jarallax-no wpr-parallax-no wpr-sticky-section-no e-con e-parent\" data-id=\"70f6d93\" data-element_type=\"container\">\n\t\t\t\t\t<div class=\"e-con-inner\">\n\t\t\t\t<div class=\"elementor-element elementor-element-c6e6343 elementor-widget elementor-widget-heading\" data-id=\"c6e6343\" data-element_type=\"widget\" data-widget_type=\"heading.default\">\n\t\t\t\t\t<h2 class=\"elementor-heading-title elementor-size-default\">Por que comprar na Ponto Easy<\/h2>\t\t\t\t<\/div>\n\t\t\t\t<div class=\"elementor-element elementor-element-565f635 elementor-widget elementor-widget-html\" data-id=\"565f635\" data-element_type=\"widget\" data-widget_type=\"html.default\">\n\t\t\t\t\t<div id=\"destaques\" style=\"padding:60px 20px; background:#ffffff; font-family:Arial, sans-serif;\">\r\n  <div style=\"max-width:1100px; margin:0 auto;\">\r\n\r\n    <!-- TEXTO RESUMIDO -->\r\n    <div style=\"text-align:center; font-size:1.2rem; color:#4b4b4b; max-width:800px; margin:0 auto 40px auto; line-height:1.6;\">\r\n      Constru\u00edmos uma plataforma completa para facilitar o seu dia a dia e garantir a melhor experi\u00eancia de compra.\r\n    <\/div>\r\n\r\n    <!-- GRID -->\r\n    <div style=\"\r\n      display:flex;\r\n      flex-wrap:wrap;\r\n      justify-content:center;\r\n      gap:20px;\r\n    \">\r\n\r\n      <!-- CARD 1 -->\r\n      <div \r\n        onmouseover=\"this.style.transform='translateY(-6px)'; this.style.boxShadow='0 12px 28px rgba(0,0,0,0.15)'\"\r\n        onmouseout=\"this.style.transform='translateY(0)'; this.style.boxShadow='0 6px 16px rgba(0,0,0,0.08)'\"\r\n        style=\"\r\n          background:#ffffff;\r\n          border:1px solid #e6e6e6;\r\n          border-radius:14px;\r\n          padding:25px;\r\n          width:240px;\r\n          text-align:center;\r\n          box-shadow:0 6px 16px rgba(0,0,0,0.08);\r\n          transition:all 0.2s ease;\r\n        \">\r\n        <div style=\"font-size:2rem; margin-bottom:10px;\">\ud83d\uded2<\/div>\r\n        <div style=\"font-weight:bold; font-size:1.1rem; color:#2b2340; margin-bottom:6px;\">\r\n          Variedade real de produtos\r\n        <\/div>\r\n        <div style=\"font-size:0.95rem; color:#555;\">\r\n          Itens para todas as necessidades em um s\u00f3 lugar.\r\n        <\/div>\r\n      <\/div>\r\n\r\n      <!-- CARD 2 -->\r\n      <div \r\n        onmouseover=\"this.style.transform='translateY(-6px)'; this.style.boxShadow='0 12px 28px rgba(0,0,0,0.15)'\"\r\n        onmouseout=\"this.style.transform='translateY(0)'; this.style.boxShadow='0 6px 16px rgba(0,0,0,0.08)'\"\r\n        style=\"\r\n          background:#ffffff;\r\n          border:1px solid #e6e6e6;\r\n          border-radius:14px;\r\n          padding:25px;\r\n          width:240px;\r\n          text-align:center;\r\n          box-shadow:0 6px 16px rgba(0,0,0,0.08);\r\n          transition:all 0.2s ease;\r\n        \">\r\n        <div style=\"font-size:2rem; margin-bottom:10px;\">\u26a1<\/div>\r\n        <div style=\"font-weight:bold; font-size:1.1rem; color:#2b2340; margin-bottom:6px;\">\r\n          Plataforma pr\u00e1tica e intuitiva\r\n        <\/div>\r\n        <div style=\"font-size:0.95rem; color:#555;\">\r\n          F\u00e1cil de navegar, r\u00e1pida e eficiente.\r\n        <\/div>\r\n      <\/div>\r\n\r\n      <!-- CARD 3 -->\r\n      <div \r\n        onmouseover=\"this.style.transform='translateY(-6px)'; this.style.boxShadow='0 12px 28px rgba(0,0,0,0.15)'\"\r\n        onmouseout=\"this.style.transform='translateY(0)'; this.style.boxShadow='0 6px 16px rgba(0,0,0,0.08)'\"\r\n        style=\"\r\n          background:#ffffff;\r\n          border:1px solid #e6e6e6;\r\n          border-radius:14px;\r\n          padding:25px;\r\n          width:240px;\r\n          text-align:center;\r\n          box-shadow:0 6px 16px rgba(0,0,0,0.08);\r\n          transition:all 0.2s ease;\r\n        \">\r\n        <div style=\"font-size:2rem; margin-bottom:10px;\">\ud83c\udfc6<\/div>\r\n        <div style=\"font-weight:bold; font-size:1.1rem; color:#2b2340; margin-bottom:6px;\">\r\n          Profissionalismo e confian\u00e7a\r\n        <\/div>\r\n        <div style=\"font-size:0.95rem; color:#555;\">\r\n          Credibilidade em cada etapa da sua compra.\r\n        <\/div>\r\n      <\/div>\r\n\r\n      <!-- CARD 4 -->\r\n      <div \r\n        onmouseover=\"this.style.transform='translateY(-6px)'; this.style.boxShadow='0 12px 28px rgba(0,0,0,0.15)'\"\r\n        onmouseout=\"this.style.transform='translateY(0)'; this.style.boxShadow='0 6px 16px rgba(0,0,0,0.08)'\"\r\n        style=\"\r\n          background:#ffffff;\r\n          border:1px solid #e6e6e6;\r\n          border-radius:14px;\r\n          padding:25px;\r\n          width:240px;\r\n          text-align:center;\r\n          box-shadow:0 6px 16px rgba(0,0,0,0.08);\r\n          transition:all 0.2s ease;\r\n        \">\r\n        <div style=\"font-size:2rem; margin-bottom:10px;\">\ud83d\ude80<\/div>\r\n        <div style=\"font-weight:bold; font-size:1.1rem; color:#2b2340; margin-bottom:6px;\">\r\n          Pronta para crescimento e expans\u00e3o\r\n        <\/div>\r\n        <div style=\"font-size:0.95rem; color:#555;\">\r\n          Um ecossistema criado para evoluir continuamente.\r\n        <\/div>\r\n      <\/div>\r\n\r\n    <\/div>\r\n\r\n  <\/div>\r\n<\/div>\r\n\t\t\t\t<\/div>\n\t\t\t\t\t<\/div>\n\t\t\t\t<\/div>\n\t\t<div class=\"elementor-element elementor-element-4871a05 e-flex e-con-boxed wpr-particle-no wpr-jarallax-no wpr-parallax-no wpr-sticky-section-no e-con e-parent\" data-id=\"4871a05\" data-element_type=\"container\">\n\t\t\t\t\t<div class=\"e-con-inner\">\n\t\t\t\t<div class=\"elementor-element elementor-element-07926d5 elementor-widget elementor-widget-heading\" data-id=\"07926d5\" data-element_type=\"widget\" data-widget_type=\"heading.default\">\n\t\t\t\t\t<h2 class=\"elementor-heading-title elementor-size-default\">Gostou dos nossos produtos ?<\/h2>\t\t\t\t<\/div>\n\t\t\t\t<div class=\"elementor-element elementor-element-845af8f elementor-align-center elementor-widget elementor-widget-button\" data-id=\"845af8f\" data-element_type=\"widget\" data-widget_type=\"button.default\">\n\t\t\t\t\t\t\t\t\t\t<a class=\"elementor-button elementor-button-link elementor-size-sm\" href=\"#\">\n\t\t\t\t\t\t<span class=\"elementor-button-content-wrapper\">\n\t\t\t\t\t\t\t\t\t<span class=\"elementor-button-text\">Entre em contato<\/span>\n\t\t\t\t\t<\/span>\n\t\t\t\t\t<\/a>\n\t\t\t\t\t\t\t\t<\/div>\n\t\t\t\t\t<\/div>\n\t\t\t\t<\/div>\n\t\t<div class=\"elementor-element elementor-element-3ae141e e-flex e-con-boxed wpr-particle-no wpr-jarallax-no wpr-parallax-no wpr-sticky-section-no e-con e-parent\" data-id=\"3ae141e\" data-element_type=\"container\">\n\t\t\t\t\t<div class=\"e-con-inner\">\n\t\t\t\t\t<\/div>\n\t\t\t\t<\/div>\n\t\t\t\t<\/div>\n\t\t","protected":false},"excerpt":{"rendered":"<p>Pontoeasy, onde comprar \u00e9 easy e ponto. Sua loja online completa, pr\u00e1tica e cheia de variedade. Quem somos A Pontoeasy \u00e9 uma loja online completa, criada para oferecer praticidade, confian\u00e7a e uma grande diversidade de produtos em um s\u00f3 lugar. Nossa plataforma foi pensada para ser vers\u00e1til, profissional e preparada pra crescer junto com voc\u00ea. Nossas Categorias de Produtos Tudo o que voc\u00ea precisa em um s\u00f3 lugar. \ud83d\udce6 Insumos Materiais e produtos essenciais para o dia a dia da sua opera\u00e7\u00e3o. \ud83e\udd64 Descart\u00e1veis Copos, luvas, pap\u00e9is e diversos itens para uso profissional. \ud83e\uddba EPIs Luvas, capacetes e equipamentos de prote\u00e7\u00e3o para o seu time. \ud83c\udf1e Protetor Solar Linhas profissionais de prote\u00e7\u00e3o solar para ambientes externos. \ud83d\udcbb Tecnologia Computadores, celulares, drones e solu\u00e7\u00f5es tecnol\u00f3gicas. Em expans\u00e3o \ud83d\ude80 Em breve: produtos de limpeza, maquiagem e novas linhas que fizerem sentido para nossos clientes. A Ponto Easy est\u00e1 sempre evoluindo para trazer cada vez mais variedade. Por que comprar na Ponto Easy Constru\u00edmos uma plataforma completa para facilitar o seu dia a dia e garantir a melhor experi\u00eancia de compra. \ud83d\uded2 Variedade real de produtos Itens para todas as necessidades em um s\u00f3 lugar. \u26a1 Plataforma pr\u00e1tica e intuitiva F\u00e1cil de navegar, r\u00e1pida e eficiente. \ud83c\udfc6 Profissionalismo e confian\u00e7a Credibilidade em cada etapa da sua compra. \ud83d\ude80 Pronta para crescimento e expans\u00e3o Um ecossistema criado para evoluir continuamente. Gostou dos nossos produtos ? Entre em contato<\/p>\n","protected":false},"author":1,"featured_media":0,"parent":0,"menu_order":0,"comment_status":"closed","ping_status":"closed","template":"elementor_header_footer","meta":{"footnotes":""},"class_list":["post-128","page","type-page","status-publish","hentry"],"_links":{"self":[{"href":"https:\/\/pontoeasy.com.br\/index.php?rest_route=\/wp\/v2\/pages\/128","targetHints":{"allow":["GET"]}}],"collection":[{"href":"https:\/\/pontoeasy.com.br\/index.php?rest_route=\/wp\/v2\/pages"}],"about":[{"href":"https:\/\/pontoeasy.com.br\/index.php?rest_route=\/wp\/v2\/types\/page"}],"author":[{"embeddable":true,"href":"https:\/\/pontoeasy.com.br\/index.php?rest_route=\/wp\/v2\/users\/1"}],"replies":[{"embeddable":true,"href":"https:\/\/pontoeasy.com.br\/index.php?rest_route=%2Fwp%2Fv2%2Fcomments&post=128"}],"version-history":[{"count":34,"href":"https:\/\/pontoeasy.com.br\/index.php?rest_route=\/wp\/v2\/pages\/128\/revisions"}],"predecessor-version":[{"id":194,"href":"https:\/\/pontoeasy.com.br\/index.php?rest_route=\/wp\/v2\/pages\/128\/revisions\/194"}],"wp:attachment":[{"href":"https:\/\/pontoeasy.com.br\/index.php?rest_route=%2Fwp%2Fv2%2Fmedia&parent=128"}],"curies":[{"name":"wp","href":"https:\/\/api.w.org\/{rel}","templated":true}]}}